- -9?
22
In base 11, what is -1079 + 0?
-1079
In base 11, what is -18 + 6?
-12
In base 15, what is 44 + 59?
9d
In base 11, what is 5 + 482?
487
In base 9, what is -117 + -11?
-128
In base 16, what is -10 - -2?
-e
In base 12, what is -170 - 10?
-180
In base 16, what is 44 + 4?
48
In base 15, what is -1b - 18?
-34
In base 8, what is 2 - -312?
314
In base 16, what is -2 + 172?
170
In base 2, what is -11 + 11?
0
In base 16, what is -9 + 2?
-7
In base 3, what is -2121 - 220?
-10111
In base 16, what is 1 - 12c?
-12b
In base 11, what is 19a + 2?
1a1
In base 2, what is 111 - -100010001?
100011000
In base 3, what is -10011 + 2110?
-201
In base 9, what is 41 - 16?
24
In base 10, what is 2 + -57?
-55
In base 13, what is 3 - -2?
5
In base 11, what is -88 - -4?
-84
In base 11, what is -128a - -6?
-1284
In base 6, what is -2 + -441?
-443
In base 4, what is -31133 + 0?
-31133
In base 13, what is -2a6 + -1?
-2a7
In base 14, what is 156 + 4?
15a
In base 4, what is -1 - 2132?
-2133
In base 15, what is -7 - 0?
-7
In base 10, what is 4 - -95?
99
In base 4, what is -31 - 33320?
-100011
In base 4, what is -10301 + 11?
-10230
In base 14, what is -7 - -84?
7b
In base 4, what is 22 - 2122?
-2100
In base 11, what is 17a4 + -7?
1798
In base 10, what is -42 - -40?
-2
In base 12, what is 0 - 263?
-263
In base 13, what is -1 + -45?
-46
In base 12, what is -90 - -3?
-89
In base 7, what is 1354 - 43?
1311
In base 14, what is 1a8 - 7?
1a1
In base 10, what is -3 - 26?
-29
In base 14, what is 17 + 2?
19
In base 16, what is 2 - -43c?
43e
In base 3, what is 12 - 21?
-2
In base 11, what is 12 + 6?
18
In base 6, what is 115000 - 4?
114552
In base 14, what is 14 + 68?
7c
In base 3, what is 1102 + -120?
212
In base 15, what is 5 + -40?
-3a
In base 11, what is 419 + 4?
422
In base 3, what is -2 - -10202?
10200
In base 8, what is -25201 - -2?
-25177
In base 8, what is 40 - -21?
61
In base 3, what is 10 + -2210?
-2200
In base 16, what is 0 - -120?
120
In base 13, what is -7 - -16?
c
In base 10, what is -42 + 59?
17
In base 6, what is 2 + 125?
131
In base 11, what is 61 + -a?
52
In base 8, what is 2 + 27?
31
In base 13, what is 1 - 16?
-15
In base 11, what is -3816 + -4?
-381a
In base 15, what is -c - 3?
-10
In base 5, what is 1023 - -4?
1032
In base 12, what is 5 - -31?
36
In base 10, what is 3 + 271?
274
In base 8, what is -43 - -5?
-36
In base 10, what is -1958 + 5?
-1953
In base 5, what is -1240 - 10?
-1300
In base 10, what is 549 + -1?
548
In base 14, what is 3cc + 3?
3d1
In base 12, what is 1 + -81?
-80
In base 7, what is -2 + -136?
-141
In base 5, what is 0 + 3?
3
In base 15, what is 0 - -3?
3
In base 13, what is -6a6 - 2?
-6a8
In base 5, what is -10 - 120?
-130
In base 11, what is -2 - -aa?
a8
In base 14, what is -1049 - 2?
-104b
In base 2, what is 1111 - 110100?
-100101
In base 10, what is -4 - 147?
-151
In base 5, what is -1 + 100?
44
In base 7, what is 216 + 3?
222
In base 4, what is 223323 + -11?
223312
In base 9, what is -747 + 1?
-746
In base 2, what is 1101001001001 + 11?
1101001001100
In base 8, what is -106 - 10?
-116
In base 12, what is 1 - 1388?
-1387
In base 8, what is -104 - 6?
-112
In base 11, what is 4 - 350?
-347
In base 10, what is -63 - -309?
246
In base 16, what is -4 - a5?
-a9
In base 5, what is 134 - 0?
134
In base 9, what is 411 - 26?
374
In base 9, what is -3 + -238?
-242
In base 10, what is -12 - 3?
-15
In base 13, what is 2 - -18b?
190
In base 9, what is 13 - 271?
-257
In base 14, what is -2 + -c?
-10
In base 5, what is 101 - 100?
1
In base 3, what is -101 - -1212?
1111
In base 10, what is 53 - -3?
56
In base 5, what is -4 - 301?
-310
In base 13, what is 1b6 - 1?
1b5
In base 15, what is b34 + -1?
b33
In base 6, what is -105 - -52?
-13
In base 10, what is -5860 - 0?
-5860
In base 8, what is -166 + 41?
-125
In base 16, what is -6 + -4?
-a
In base 14, what is -b - 1?
-c
In base 2, what is -1011101 - -10?
-1011011
In base 11, what is -873 + -3?
-876
In base 8, what is -10 + 101?
71
In base 12, what is 7151 + 1?
7152
In base 6, what is 5 + 221?
230
In base 14, what is 2 + 1149?
114b
In base 16, what is 61 + 2d?
8e
In base 12, what is 5 + a2?
a7
In base 14, what is -10b - -2?
-109
In base 15, what is 0 - 32?
-32
In base 14, what is 10 - 7?
7
In base 2, what is -10 + 1001110?
1001100
In base 13, what is -6 - c56?
-c5c
In base 8, what is 5 - -1017?
1024
In base 13, what is -c1 + -c?
-100
In base 4, what is -20031 + 2?
-20023
In base 2, what is 110 + 1111101?
10000011
In base 14, what is 4 - -36?
3a
In base 11, what is 187 - -5?
191
In base 3, what is 11011 + -10?
11001
In base 4, what is 300 - -31?
331
In base 2, what is -1011001100 - 101?
-1011010001
In base 5, what is -32 - 14?
-101
In base 7, what is 401 + -14?
354
In base 16, what is -124 - 3?
-127
In base 3, what is 12 - -11021?
11110
In base 9, what is 0 + -41?
-41
In base 10, what is -103 - 11?
-114
In base 16, what is f5 + -3?
f2
In base 12, what is -158 - 53?
-1ab
In base 6, what is 12 + 140?
152
In base 15, what is -13 - -15?
2
In base 11, what is -39 + 0?
-39
In base 7, what is 16 - 411?
-362
In base 4, what is 30 - -11?
101
In base 7, what is -3 + 34?
31
In base 3, what is -12 - 100?
-112
In base 3, what is 1112 + 2?
1121
In base 5, what is 1 - -1004?
1010
In base 3, what is 11 + 1012?
1100
In base 8, what is 101373 + 5?
101400
In base 12, what is 30 - 0?
30
In base 16, what is 4 - 26b?
-267
In base 15, what is 17d + -82?
eb
In base 3, what is 11012 - -1022?
12111
In base 14, what is -2 - 5?
-7
In base 11, what is 70a - -1?
710
In base 15, what is -23a - -17?
-223
In base 10, what is -159 + 3?
-156
In base 9, what is -2 + 134?
132
In base 12, what is -21 - -2b0?
28b
In base 14, what is 1ca + 4?
1d0
In base 3, what is 12 + 21110?
21122
In base 11, what is -398 - -4?
-394
In base 11, what is 12a - 56?
84
In base 12, what is -10 - -99?
89
In base 11, what is -3 - 35?
-38
In base 5, what is -10 - -142?
132
In base 7, what is -1 + -3?
-4
In base 14, what is 5 - 927?
-922
In base 10, what is 572 - -2?
574
In base 6, what is -1 + 23?
22
In base 15, what is a + e?
19
In base 2, what is 11 - 10?
1
In base 11, what is -16 + 68?
52
In base 4, what is 11103 - 0?
11103
In base 3, what is 1200120 + 10?
1200200
In base 8, what is 32 - 7?
23
In base 5, what is 3 + -2311?
-2303
In base 11, what is 188 - -3?
190
In base 13, what is 48 - -3?
4b
In base 16, what is -b - -4e?
43
In base 4, what is -20121 + -12?
-20133
In base 4, what is -23123 + -3?
-23132
In base 16, what is 7 + -e?
-7
In base 10, what is -1871 + -4?
-1875
In base 4, what is -10 + 1211?
1201
In base 5, what is -40 - 142?
-232
In base 13, what is -1865 - 5?
-186a
In base 8, what is 3025 - 1?
3024
In base 5, what is -144 + -120?
-314
In base 15, what is 15 + 4?
19
In base 2, what is 101 - 11011000?
-11010011
In base 16, what is -5 + -bb?
-c0
In base 5, what is 1301 - 3?
1243
In base 9, what is -1 + 83?
82
In base 6, what is 145 + -323?
-134
In base 13, what is 11 - 3?
b
In base 13, what is -35 + 0?
-35
In base 16, what is -b - 1e?
-29
In base 11, what is -20 - 18?
-38
In base 7, what is 31 - -2?
33
In base 7, what is 2636 - 5?
2631
In base 10, what is 117 - 4?
113
In base 8, what is -15 - 5?
-22
In base 11, what is -694 - 3?
-697
In base 10, what is -41 + -10?
-51
In base 8, what is -7 - 214?
-223
In base 11, what is -131 + -7?
-138
In base 14, what is 90 - 4?
8a
In base 16, what is -6d - -47?
-26
In base 9, what is -263 - -4?
-258
In base 7, what is -126 - -4?
-122
In base 4, what is -32312 - -10?
-32302
In base 5, what is 2223 + -2?
2221
In base 2, what is 1011000 + -101?
1010011
In base 7, what is 12 - -363?
405
In base 9, what is 17 - -20?
37
In base 5, what is 4 - 140314?
-140310
In base 8, what is -3 + -743?
-746
In base 4, what is 0 - 102000?
-102000
In base 4, what is -20 - -1?
-13
In base 8, what is -12771 - -4?
-12765
In base 13, what is 6 - 287?
-281
In base 15, what is 6 + -11?
-a
In base 4, what is -22211 - 10?
-22221
In base 7, what is 253 - 3?
250
In base 8, what is 20 + 26?
46
In base 15, what is 4 + cd?
d2
In base 2, what is -10 + 11000?
10110
In base 2, what is -10100011 + 101?
-10011110
In base 13, what is 21c + -20?
1cc
In base 13, what is -71 - 28?
-99
In base 5, what is 4 + 13312?
13321
In base 16, what is -1f + -12?
-31
In base 